= 63 - 46. Suppose j = -6*x + 2*x + 6, -5*x - 1 = -3*j. Suppose j*m - m = p. List the prime factors of m.
17
Suppose -l + 2*l = -2*v + 1, v + 7 = -2*l. Suppose v*b = -2*b + 170. Suppose 36 + b = 5*k. List the prime factors of k.
2, 7
Suppose -2 = t - 0*t. Let c = 0 + t. What are the prime factors of (-12)/c - (2 + -1)?
5
Let p = 224 - 129. List the prime factors of p.
5, 19
Let p be 4 - (-2 - (0 + 0)). Let v(y) = y**2 - 2*y. Let h be v(3). Suppose 33 = h*q - 2*f, -q + 5*f = -5 - p. What are the prime factors of q?
11
Suppose -2*n + 5*b - 59 = -0*n, -5*n = 5*b + 60. Let d = n - -5. Let h = d - -25. What are the prime factors of h?
13
Suppose 3*g + g - 124 = 0. What are the prime factors of g?
31
Let q = 52 - 28. List the prime factors of q.
2, 3
Let n be (0 + 2)/((-2)/(-12)). Let z = n - 20. Let i(b) = -b**3 - 9*b**2 - 9*b + 4. What are the prime factors of i(z)?
2, 3
Let f = 30 - 13. List the prime factors of f.
17
Let r(d) = -d**3 + 9*d**2 - 9*d - 10. Let y be r(7). Let o = -8 + y. List the prime factors of o.
17
Let u(q) = -18*q + 49. List the prime factors of u(-17).
5, 71
Let r = 5 + -5. Suppose -5*v - 3*j - 55 = r, -2*v + 5*j - 33 = v. Let h = v - -15. List the prime factors of h.
2
Let o be (2 + -4)/2 + 1. Let q(m) = o + 2 + 2*m - 3. What are the prime factors of q(6)?
11
Let l be 1/(-2) + 63/14. Suppose 0*q - l*b = -q + 43, 2*b - 82 = -4*q. List the prime factors of q.
23
Let c(b) be the first derivative of b**2/2 + 6*b + 2. What are the prime factors of c(8)?
2, 7
Let w(v) = -3*v**3 + 15*v**2 - 5*v - 3. Let i(t) = 2*t**3 - 8*t**2 + 3*t + 1. Let b(r) = -5*i(r) - 3*w(r). What are the prime factors of b(-5)?
2
Let f(m) = 15*m**2 + 2*m - 2. What are the prime factors of f(-2)?
2, 3
Suppose -h = -7*h + 618. List the prime factors of h.
103
Let k(o) = -o + 3. Let x be k(6). Let g be x/(23/(-10) + 2). List the prime factors of (5/(g/(-16)))/(-1).
2
Suppose 7*n - 167 = 78. List the prime factors of n.
5, 7
Suppose -91 = -n + 258. List the prime factors of n.
349
Let h(f) = -f**3 - 2*f**2 - 3*f - 3. Let i be h(-2). What are the prime factors of i*(-3 - 14/(-3))?
5
Let p = 23 - 5. What are the prime factors of p?
2, 3
What are the prime factors of 0 + 10 + (-3 - -6)?
13
Suppose 3*h - h = -2*o - 6, 5*o = -2*h - 3. List the prime factors of (-8)/8*(o - 9).
2
Suppose 0 = 4*b + 112 - 384. List the prime factors of b.
2, 17
Suppose -4*u - 2 - 29 = -n, -5*n = -u - 98. List the prime factors of n.
19
Let c be 2/4*0/1. Suppose c = n + 4*n - 50. What are the prime factors of n?
2, 5
Let x(s) = 6*s**3 - 3*s**2 - 2*s - 2. Let w(b) = -b**3 - 2*b**2 + 0*b**2 + 3*b**2. Let n(p) = 5*w(p) + x(p). List the prime factors of n(-2).
2
Let v = -98 - -159. Let y = v - 43. List the prime factors of y/4 - (-2)/(-4).
2
Let v = 17 - 12. Suppose -5*h + 3*f = -0*f - 44, 4*h - 2*f - 34 = 0. Suppose -p + h = -v. What are the prime factors of p?
2, 3
Let h = 12 - -64. List the prime factors of h.
2, 19
List the prime factors of (483/(-4))/(-3) - (-3)/4.
41
Let s(d) be the second derivative of d**5/20 - 5*d**4/12 - 7*d**3/6 + 3*d**2 + 2*d. Let k be s(6). Suppose -x + 2*x - 11 = k. What are the prime factors of x?
11
Let l be (-8)/12 + 62/(-6). Let n = l + 8. Let o = n + 9. List the prime factors of o.
2, 3
Suppose u + 4*a = 7, -4*u + 3*a - 27 = -150. What are the prime factors of u?
3
Let h be (2/(-6))/(2/(-30)). Suppose 0 = 4*y + 4*p + 20 + 4, 0 = -3*y - h*p - 28. What are the prime factors of -5*(-2 - (y - -1))?
2, 5
Suppose r + 128 = 249. List the prime factors of r.
11
Let o(g) = g**3 - 19*g**2 + 20*g + 18. What are the prime factors of o(18)?
2, 3
Let i = -227 + 320. What are the prime factors of i?
3, 31
Let y(i) = 6*i**2 + i. Let g be y(1). What are the prime factors of ((-1)/3)/(g/(-231))?
11
Let v = 17 + -62. Let c be v*((-8)/(-3) - 2). What are the prime factors of ((-2)/(-5))/((-3)/c)?
2
Let w = 1 - -1. Let c(v) = 6*v**3 - 3*v**2 + v + 2. What are the prime factors of c(w)?
2, 5
Let v = -1 - -10. Suppose 3*m - 12 = 7*m. Let o = v + m. What are the prime factors of o?
2, 3
Let g(d) = 5*d**3 + d**2 - d + 1. Let h = 2 + -1. Let m be g(h). Let p = m + -1. List the prime factors of p.
5
Let x(l) = l**2 + 8*l + 8. Let o be x(-7). Suppose -4*i + 49 = o. Suppose -3*c = -c - i. List the prime factors of c.
2, 3
Let s(g) be the first derivative of -g**2/2 + 8*g + 3. List the prime factors of s(-13).
3, 7
Let o = 46 + -39. What are the prime factors of o?
7
Let q(s) = s**3 + 7*s**2 + 9*s + 3. Let u be q(-6). Let f be (-1)/(3 + 42/u). Let w(z) = -z**2 - 5*z + 6. What are the prime factors of w(f)?
2, 3
Let y(p) = p**2 - 5*p - 2. Let n(f) = -4*f - 2. Let b be n(-2). Let d be y(b). Suppose -3*c + o = -8, -d*c + 2*o + o + 14 = 0. What are the prime factors of c?
2
Suppose -450 = -d - 9*d. List the prime factors of d.
3, 5
Let k(l) = 150*l**2 - 3*l + 2. What are the prime factors of k(1)?
149
Suppose -2*f - 273 = -5*f. List the prime factors of f.
7, 13
Let u(k) = 2*k**2 - 5*k + 6. Let f(l) be the second derivative of -l**4/12 - 2*l. Let t(r) = -3*f(r) - u(r). What are the prime factors of t(-7)?
2
Suppose -5*l - 3*q - 5 = 0, 0*l - 35 = -5*l + 5*q. Suppose -2*r = l*r - 100. What are the prime factors of r?
5
Suppose -12 = 2*u - 5*u. Suppose -u*l = -144 + 8. List the prime factors of l.
2, 17
Let b be -1*(2 + -1 + -3). Suppose 0 = -2*f + 3*f - 6. Suppose -7*y + f*y = -b*z - 7, -y + z = -7. What are the prime factors of y?
7
Let y be (-6 + 5)/((-1)/(-7)). Let k = 15 + y. List the prime factors of k.
2
Let j(f) = -2*f - 1. Suppose -2*n - 3 = 7. List the prime factors of j(n).
3
Let n = -18 + 11. Let d(c) = -c - 7. Let u be d(n). What are the prime factors of -5 + 7 + (9 - u)?
11
List the prime factors of (8/(-12))/(-2) + (-654)/(-9).
73
Let c be (9 + -3)/(2*1). Suppose 0 = c*f - 0*f. Suppose f = 2*n - 10 + 4. What are the prime factors of n?
3
Let o = 47 + 11. Let n = o - 30. What are the prime factors of n?
2, 7
Let p(o) = o**2 - 4*o + 2. Let y(f) = f**3 + 6*f**2 - f - 1. Let d be y(-6). List the prime factors of p(d).
7
Let b(a) = a**2 - 2*a - 4. Let v be b(4). Suppose -p - p + v = 0. List the prime factors of p.
2
Let l = 614 + -436. What are the prime factors of l?
2, 89
Let m be 4/3*(-36)/(-8). Suppose -m*b - 30 = -b. Let i(y) = y**2 + 6*y + 2. List the prime factors of i(b).
2
Suppose -36 = 3*g + 6. List the prime factors of 428/18 + g/(-63).
2, 3
Suppose 2*o = -2*o - 16. Let y be (1/(-1))/(o/(-12)). What are the prime factors of (-1*(y - 1))/2?
2
Let l = 22 + -10. Let p be 54/l*2/3. Let s = p - 0. What are the prime factors of s?
3
Suppose -r - 3*r = -40. Suppose 0 = -h + 5 + r. List the prime factors of h.
3, 5
Let w(b) be the first derivative of -b**2 + 8/3*b**3 - 8*b + 2 + 1/4*b**4. What are the prime factors of w(-8)?
2
Let b be (-46)/6*1*-3. Suppose 3*a - b = 76. List the prime factors of a.
3, 11
List the prime factors of 36 + 4/1 + -2.
2, 19
Let t(u) = -u**3 - 18*u**2 - 2*u + 29. List the prime factors of t(-18).
5, 13
Let j be -11 + (0/(-3))/2. Let i = 3 + j. List the prime factors of (i/6)/(9/(-81)).
2, 3
Let r(f) = f - 5. Let q be r(9). What are the prime factors of (-16)/q*(-3 + 1)?
2
Suppose -2*a - 14 = -0*a. Suppose -3*n = -62 + 68. Let r = n - a. What are the prime factors of r?
5
Let s(c) = -c**3 - 3*c**2 - 2*c + 2. Let r be s(-3). List the prime factors of (-4)/r + 178/4.
2, 11
Let m(v) = -v + 7. Let s(k) = -4*k - 15. Let l(o) = -o. Let n(q) = -6*l(q) + s(q). Let t(h) = -7*m(h) - 4*n(h). What are the prime factors of t(0)?
11
Suppose -b = -5*u - 13, -2*b - 3*u = -84 + 32. Suppose -4*d - 52 = 2*x, -d - 3*d = -3*x - 28. Let a = b + x. What are the prime factors of a?
7
Suppose -3*r = -5*y - 0*y - 68, -3*r - 5*y = -28. What are the prime factors of r?
2
Let o = 2 - 10. List the prime factors of (125/20)/((-2)/o).
5
Let x be (10/6)/(2/42). Suppose 0 = -v + 1 - 20. Let w = x + v. What are the prime factors of w?
2
Let j(t) = 40*t**2 - t - 1. Let n(d) = -80*d**2 + 2*d + 2. Let s(b) = 9*j(b) + 4*n(b). Let k be s(-1). Suppose 0 = -0*u + 4*u - k. List the prime factors of u.
2, 5
Suppose -16 = -h + 3*n, 3*h - 18 = 3*n - 4*n. List the prime factors of 2/h - 305/(-35).
3
Suppose 3*b = 3*n + 3, b + 2 = 5*n + 3*b. Suppose 0 = -n*o + o + 18. Let f = 25 + o. List the prim